tens digit of (x - 7)*-10 + -6?
5
Let j(n) = n**2 + 5*n - 33. Let z be j(-9). Suppose 6*p = -z*p + 54. What is the units digit of (-2)/4 - (-711)/p?
8
Suppose -45 = -18*u + 9*u. Suppose -4*w - 12 = 0, 0 = u*i + 5*w - 1840 + 405. What is the units digit of i?
0
Let u(x) be the first derivative of 18*x**2 - 61*x - 49. What is the hundreds digit of u(12)?
3
Suppose 4*x = -11 + 27, -2*x = 3*z - 81101. What is the ten thousands digit of z?
2
Let y = 8657 - 1110. What is the hundreds digit of y?
5
Suppose 17*g - 25496 = 9779. What is the units digit of g?
5
Let b(h) = 3*h + 350. Let w = 491 + -486. What is the tens digit of b(w)?
6
Suppose 5*z + 3161 = 2*m, -2*z + z = -m + 1579. What is the thousands digit of m?
1
Let u(c) = -37*c - 37. Let d be 15/(-6)*(-56)/(-70). What is the units digit of u(d)?
7
Suppose 5*n + 295 = 280. What is the units digit of (n - 2628/(-4)) + (-48)/12?
0
What is the units digit of (-60)/(-18) + (-84950)/(-30)?
5
Let g be 58 + 1 - (-10 + 12). Let z = 83 - g. Let a = 31 + z. What is the units digit of a?
7
Let i = 3710 - -660. What is the hundreds digit of i?
3
Suppose -1476 = 15*f - 16*f. Let r = 2161 - f. What is the hundreds digit of r?
6
Let o be (-2)/(-6)*(31 - 13). Suppose 0 = 3*u - o*u + 570. What is the hundreds digit of u?
1
Suppose -20*u + 15*u + 14022 = -c, 5*u = -3*c + 14014. What is the hundreds digit of u?
8
Let r = 0 - -367. Let b = r + -234. Let q = b - 64. What is the tens digit of q?
6
Let r(t) = -t**2 + 22*t - 14. Let c be r(9). Suppose 0 = -0*z - z + o + c, 3*z = -3*o + 279. Let g = 139 - z. What is the tens digit of g?
4
What is the hundreds digit of (865/(-3))/(58/1305*27/(-18))?
3
Let h = -6552 - -27996. What is the ten thousands digit of h?
2
Let r = -70 + 74. Suppose -n = 0, -a = r*a + 4*n - 5900. What is the hundreds digit of a?
1
Let z = -25934 + 42953. What is the ten thousands digit of z?
1
Suppose 161*p - 667074 = 200877. What is the hundreds digit of p?
3
Let g(u) = -u**3 - 82*u**2 + 642*u - 293. What is the hundreds digit of g(-90)?
7
Let r(v) = 12*v**2 + 41*v + 4. Let d be (12/6)/((-36)/(-10) - 4). What is the tens digit of r(d)?
9
Let i be ((-2)/(-4))/(6/60). Suppose 4 = 3*d + d + 5*m, i*m + 38 = 3*d. Suppose -o - 3*h + 63 = 0, 5*o - 341 = 4*h - d*h. What is the tens digit of o?
6
Let g(u) = 9*u**2 - 31*u - 1313. What is the thousands digit of g(-45)?
8
Suppose -27 = 238*a - 265*a. Let r(b) = 61*b - 8*b + 89*b - 1. What is the tens digit of r(a)?
4
Let q(f) be the first derivative of 13*f**2/2 + 15*f - 8. Suppose -t - t + 10 = 0. What is the tens digit of q(t)?
8
Let n be (-8)/12 + 1 + (-517)/3. Let y = n - -296. Suppose -y = -2*k + 92. What is the units digit of k?
8
Let y(t) = t**3 + 6*t**2 - 19*t - 9. Let d be y(-8). Suppose -11*x = -d*x + 680. What is the hundreds digit of x?
1
Let p = 10272 + -2892. What is the hundreds digit of p?
3
Let l(i) = i**3 + 26*i**2 + 54*i - 10. Suppose -213*k = -203*k + 170. What is the tens digit of l(k)?
7
Let y(g) = 15*g**2 + 167*g - 232. What is the ten thousands digit of y(33)?
2
Suppose 21 - 6 = -u. Let l(n) = -n - 10. Let h be l(u). Suppose k = 3*g - 24 + 2, k = h. What is the units digit of g?
9
Let z = -2531 + 3339. What is the units digit of z?
8
Let g be 1 - ((-9)/72*0)/(-2). Let m(c) be the third derivative of 13*c**6/60 - c**3/6 + 2*c**2. What is the units digit of m(g)?
5
Let h(m) = 17*m**2 + 27*m + 138. Let z be h(-12). Suppose -3*y = -540 - z. What is the hundreds digit of y?
9
Let a be 30/(-12) + 4 - 474/4. Let v = a + 115. What is the units digit of ((-872)/24)/(v/6)?
9
Suppose -3*c + 17*u - 18*u = 380, 0 = 4*c + u + 505. Let f = c - -299. What is the units digit of f?
4
Let m(x) = 2*x - 4. Let b be m(3). Suppose 0*c - 52 = -5*s - 3*c, -s + b*c + 13 = 0. Let z(i) = i**2 - 2*i + 21. What is the tens digit of z(s)?
2
Let h(m) = -m**3 - 16*m**2 - 3*m - 6. Let o(q) = 33*q**3 - q**2 - q + 1. Let y be o(1). Suppose -4*n - y - 32 = 0. What is the tens digit of h(n)?
4
Suppose h - 18129 - 15382 = 2*q, 10*h - 2*q - 335056 = 0. What is the ten thousands digit of h?
3
Let y(m) = 373*m - 18. Let o be y(4). Let b = o + -879. What is the tens digit of (8/10)/(14/b)?
3
What is the tens digit of (-6 + 252/30)*6540/9?
4
What is the tens digit of 8545/(153/36 - 3)?
3
Suppose 4*t = s - 23, 40 + 200 = 5*s + 5*t. Suppose 0 = 5*h - s + 68. What is the units digit of (h/15)/(2/(-192))?
2
Let s = 46 + -45. Let b be 124 + -2 + 0 - s. Suppose b - 34 = 2*a - x, 2*x - 102 = -2*a. What is the tens digit of a?
4
Let o be (29 - 11)*(1172/6 - 0). Let n = o - 2095. What is the thousands digit of n?
1
Suppose 91075 = 2*x + 30151. What is the units digit of x?
2
Suppose 7*i = -0*i - 133. Let b = i - -24. What is the units digit of 4872/105*b/2?
6
Suppose -3*j = 2*j + 50. Let h be 2/6 + j/(-6) + 0. Suppose 4*m - 45 = -6*u + 3*u, -2 = h*u. What is the units digit of m?
2
Suppose -9*o + 63*o + 108 = 0. What is the hundreds digit of (88/(-32))/(o/1048)?
4
Let g = 11653 + -8835. What is the units digit of g?
8
Let a = 1050 - 722. Suppose 5*g - 257 = a. What is the units digit of g?
7
Let h(d) be the third derivative of -d**4/4 + 73*d**3/3 - 4*d**2 - 5. What is the units digit of h(-27)?
8
Let d = -275 - -3199. Suppose -2006 = -17*l + d. What is the units digit of l?
0
Suppose 0 = k + 5*p + 2089, 0 = -3*k - 3*p - 3179 - 3064. Let y = k - -3201. What is the tens digit of y?
2
Suppose -210 = 5*a + 5. Let p = 47 + a. Suppose j + p*d - 138 = 0, 0 = -4*d - 7 + 23. What is the units digit of j?
2
What is the hundreds digit of (-1 - 33582/30)/(17/(-85))?
6
Suppose 376 = -2*v + 11936. What is the tens digit of v?
8
Let d(h) = -4*h - 37. Let a be d(-10). Suppose -103 = a*l - 292. What is the tens digit of 4/(-18) - (-3794)/l?
6
What is the units digit of 378/(-5103) + 915952/54?
2
Let r be 1212*(1 - (-6)/(-24)). Suppose 1773 = 5*s + 2*m, -2*s + m + r = 207. What is the units digit of s?
3
Suppose o - 13492 = 9*r, 0 = 3*o + 17*r - 18*r - 40658. What is the thousands digit of o?
3
Let l(i) = 6*i**3 + 2*i**2 - 4*i - 7. Let b be l(8). Suppose s - 4*p + 818 = 42, 4*s + 3*p = -b. What is the units digit of (-30)/(-165) - -1*s/(-22)?
6
Let f(c) = c**2 + 1670*c + 54977. What is the units digit of f(0)?
7
What is the thousands digit of (-30)/((-60)/22) - -1*32679?
2
Let t = -102 - -51. Let v = -54 - t. What is the tens digit of 58/18 + v - (-266)/18?
1
Suppose 2*s - 4400 = -4*q, -10*s + 14*s - 8750 = 2*q. What is the thousands digit of s?
2
Let z(n) be the second derivative of -n**5/30 + 21*n**4/8 - n**3 + 2*n**2 - 3*n. Let v(o) be the first derivative of z(o). What is the hundreds digit of v(27)?
2
Let y(n) = 59*n + 317. Let t(m) = 89*m + 476. Let p(a) = 5*t(a) - 7*y(a). What is the hundreds digit of p(18)?
7
Let t(n) = n**2 + 5*n + 12. Let p be t(-5). Let a(l) = -p - l**3 - 2*l - 10*l + 11*l**2 + 2*l. What is the units digit of a(9)?
0
What is the units digit of -9*16584/(-9) + (-30)/5?
8
Let g(d) = 52*d**2 + 498*d + 17. What is the tens digit of g(-18)?
0
Let f(o) = -247*o**3 + 3*o**2 + 12*o. Let u be 44/11 + 6*-1. What is the hundreds digit of f(u)?
9
Suppose 0 = 5*x + 2*v + 1214, -4*x - 2*v + 3*v = 966. Let g = x + 744. What is the tens digit of g?
0
Let k(f) be the first derivative of 103*f**3/3 + 3*f**2 - 6*f + 91. What is the thousands digit of k(4)?
1
Suppose 19311 = u + c, 4*c = -11*u + 15*u - 77260. What is the units digit of u?
3
Let z(i) = -2588*i - 7401. What is the units digit of z(-6)?
7
Let g = -77 - -72. Let d be (-720)/(-50)*g/1. What is the units digit of 4/18 - 8192/d?
4
Suppose -119*n + n = -81934 - 242802. What is the thousands digit of n?
2
Let l(b) = -723*b + 3656. What is the thousands digit of l(-13)?
3
Suppose 0 = -293*s - 511*s + 15189972. What is the tens digit of s?
9
Let w = 392 + -278. Let t = -112 + w. Suppose -5*v + 4*v + 4*h = -255, -t*v = 5*h - 484. What is the hundreds digit of v?
2
Let t(l) = 1920*l + 651. What is the units digit of t(7)?
1
Let r = -3 + 8. Let d = r + -3. Suppose -i + 3*k = -d*i + 108, -5*k - 271 = -2*i. What is the tens digit of i?
2
Suppose 4*y = 3*s - 13928, -4*s + 3*y - 7147 + 25706 = 0. What is the tens digit of s?
3
Let x = 38870 - 24372. What is the ten thousands digit of x?
1
Suppose -25*c + 62 = 6*c. Suppose g = -4*g - 4*n + 543, 